ulate the remainder when 1442 is divided by 157.
29
Calculate the remainder when 13089 is divided by 230.
209
What is the remainder when 1170 is divided by 63?
36
Calculate the remainder when 16906 is divided by 1302.
1282
Calculate the remainder when 39708 is divided by 1981.
88
What is the remainder when 10368 is divided by 161?
64
What is the remainder when 6961 is divided by 199?
195
Calculate the remainder when 12053 is divided by 67.
60
What is the remainder when 15591 is divided by 421?
14
What is the remainder when 11259 is divided by 131?
124
What is the remainder when 354530 is divided by 81?
74
Calculate the remainder when 28737 is divided by 372.
93
Calculate the remainder when 8569 is divided by 2747.
328
Calculate the remainder when 24372 is divided by 15.
12
What is the remainder when 5819 is divided by 302?
81
What is the remainder when 7674 is divided by 960?
954
Calculate the remainder when 8538 is divided by 2330.
1548
What is the remainder when 675293 is divided by 174?
173
What is the remainder when 40264 is divided by 789?
25
Calculate the remainder when 415943 is divided by 1175.
1168
What is the remainder when 2072 is divided by 344?
8
What is the remainder when 158771 is divided by 52922?
5
Calculate the remainder when 17466 is divided by 5814.
24
What is the remainder when 10136 is divided by 390?
386
Calculate the remainder when 961 is divided by 22.
15
Calculate the remainder when 37231 is divided by 9306.
7
What is the remainder when 70037 is divided by 6366?
11
Calculate the remainder when 80419 is divided by 3093.
1
What is the remainder when 13145 is divided by 588?
209
What is the remainder when 17863 is divided by 8930?
3
Calculate the remainder when 6079 is divided by 35.
24
What is the remainder when 938274 is divided by 13?
12
Calculate the remainder when 49999 is divided by 36.
31
Calculate the remainder when 4060 is divided by 1251.
307
Calculate the remainder when 2602657 is divided by 358.
355
What is the remainder when 420014 is divided by 4242?
56
Calculate the remainder when 5888 is divided by 83.
78
Calculate the remainder when 491 is divided by 44.
7
What is the remainder when 1879 is divided by 99?
97
Calculate the remainder when 2852 is divided by 4.
0
What is the remainder when 296062 is divided by 1028?
1026
Calculate the remainder when 185488 is divided by 258.
244
Calculate the remainder when 8251 is divided by 2703.
142
What is the remainder when 12555 is divided by 56?
11
Calculate the remainder when 5636 is divided by 413.
267
Calculate the remainder when 1137 is divided by 90.
57
What is the remainder when 910697 is divided by 1042?
1031
What is the remainder when 18986 is divided by 953?
879
What is the remainder when 3948 is divided by 327?
24
What is the remainder when 473756 is divided by 560?
556
Calculate the remainder when 17609 is divided by 4360.
169
Calculate the remainder when 14708 is divided by 2450.
8
Calculate the remainder when 3087680 is divided by 1839.
1838
What is the remainder when 46892 is divided by 37?
13
What is the remainder when 830 is divided by 107?
81
What is the remainder when 27373 is divided by 6690?
613
Calculate the remainder when 5511 is divided by 220.
11
What is the remainder when 2528 is divided by 854?
820
What is the remainder when 69572 is divided by 1023?
8
Calculate the remainder when 3214 is divided by 546.
484
What is the remainder when 4049 is divided by 30?
29
Calculate the remainder when 26264 is divided by 2.
0
What is the remainder when 27652 is divided by 9214?
10
What is the remainder when 2410557 is divided by 1674?
1671
Calculate the remainder when 3428 is divided by 182.
152
Calculate the remainder when 11798 is divided by 50.
48
What is the remainder when 145405 is divided by 32?
29
What is the remainder when 2762 is divided by 351?
305
Calculate the remainder when 37652 is divided by 138.
116
Calculate the remainder when 36636 is divided by 7307.
101
What is the remainder when 2853 is divided by 1342?
169
What is the remainder when 2734 is divided by 50?
34
What is the remainder when 96276 is divided by 12033?
12
What is the remainder when 16910 is divided by 39?
23
Calculate the remainder when 1148 is divided by 536.
76
Calculate the remainder when 18190 is divided by 472.
254
Calculate the remainder when 18330 is divided by 6059.
153
What is the remainder when 646 is divided by 59?
56
What is the remainder when 7873 is divided by 127?
126
What is the remainder when 4897 is divided by 700?
697
What is the remainder when 9779 is divided by 214?
149
What is the remainder when 50418 is divided by 2100?
18
What is the remainder when 2393 is divided by 154?
83
What is the remainder when 7535 is divided by 1874?
39
Calculate the remainder when 2595 is divided by 88.
43
What is the remainder when 2356 is divided by 148?
136
What is the remainder when 2286 is divided by 2270?
16
What is the remainder when 1426534 is divided by 72?
70
What is the remainder when 3165 is divided by 116?
33
Calculate the remainder when 11970 is divided by 493.
138
Calculate the remainder when 11713 is divided by 3904.
1
Calculate the remainder when 7517807 is divided by 1494.
1493
What is the remainder when 304669 is divided by 41?
39
Calculate the remainder when 3817 is divided by 1896.
25
Calculate the remainder when 1960 is divided by 325.
10
What is the remainder when 1765 is divided by 177?
172
What is the remainder when 103017 is divided by 237?
159
What is the remainder when 429451 is divided by 34?
31
What is the remainder when 380152 is divided by 39?
19
What is the remainder when 32218 is divided by 101?
100
What is the remainder when 26493 is divided by 171?
159
Calculate the remainder when 38762 is divided by 59.
58
What is the remainder when 1427 is divided by 694?
39
Calculate the remainder when 2018 is divided by 335.
8
Calculate the remainder when 2242 is divided by 1484.
758
What is the remainder when 51579 is divided by 17192?
3
Calculate the remainder when 249060 is divided by 1547.
1540
Calculate the remainder when 4532 is divided by 309.
206
Calculate the remainder when 1778 is divided by 435.
38
What is the remainder when 21399 is divided by 1646?
1
What is the remainder when 515375 is divided by 1460?
1455
Calculate the remainder when 37232 is divided by 255.
2
Calculate the remainder when 39055 is divided by 74.
57
Calculate the remainder when 13997 is divided by 19.
13
Calculate the remainder when 227275 is divided by 13369.
2
Calculate the remainder when 1809 is divided by 198.
27
Calculate the remainder when 15937 is divided by 3926.
233
What is the remainder when 3925 is divided by 1300?
25
What is the remainder when 138 is divided by 44?
6
What is the remainder when 30784 is divided by 160?
64
What is the remainder when 17349 is divided by 36?
33
What is the remainder when 11390 is divided by 91?
15
What is the remainder when 210008 is divided by 23?
18
What is the remainder when 458036 is divided by 1027?
1021
What is the remainder when 515115 is divided by 103022?
5
Calculate the remainder when 94277 is divided by 137.
21
Calculate the remainder when 150177 is divided by 75077.
23
What is the remainder when 19646 is divided by 59?
58
Calculate the remainder when 778 is divided by 201.
175
What is the remainder when 433767 is divided by 118?
117
What is the remainder when 3723 is divided by 1161?
240
What is the remainder when 86257 is divided by 86242?
15
What is the remainder when 195924 is divided by 326?
324
Calculate the remainder when 204616 is divided by 718.
704
Calculate the remainder when 7468 is divided by 3724.
20
What is the remainder when 391980 is divided by 427?
421
Calculate the remainder when 2491 is divided by 52.
47
Calculate the remainder when 2840 is divided by 2827.
13
Calculate the remainder when 4587 is divided by 914.
17
What is the remainder when 3052 is divided by 2393?
659
What is the remainder when 114915 is divided by 179?
176
What is the remainder when 2418 is divided by 652?
462
Calculate the remainder when 2762294 is divided by 34.
32
What is the remainder when 190691 is divided by 222?
215
Calculate the remainder when 10529 is divided by 5190.
149
Calculate the remainder when 770 is divided